he remainder when c is divided by q(-5).
16
Let d(f) = 2*f - 2. Suppose -2*b + 138 = -50. Let m = b + -72. What is the remainder when m is divided by d(4)?
4
Suppose -2*w + 155 = -5*m + 99, 4*w - 3*m = 112. Suppose 2 = -2*s + 6. Let j(n) = 5*n**2 - 2*n. What is the remainder when w is divided by j(s)?
12
Let t = 114 + -47. Let j(v) = v**2 - v + 35. Let o be j(0). Let z = -18 + o. What is the remainder when t is divided by z?
16
Suppose 2*u = 26 + 2. Suppose 0 = -3*a + 51 + 9. What is the remainder when a is divided by u?
6
Suppose -3*c + 17 = 4*g, 5*g + 17 - 72 = 3*c. What is the remainder when g is divided by -3 - (6/(-6) - -5 - 10)?
2
What is the remainder when ((-4)/(-5))/(22/1595) is divided by 23?
12
Let c(o) = o**2 + 2*o - 110. What is the remainder when 1274 is divided by c(13)?
84
Let q(c) = 4*c - 29. Let i be q(8). Suppose 9*r - 588 = i*r. Let h(v) = v**3 + v**2 - 5*v + 4. Calculate the remainder when r is divided by h(3).
23
Suppose 5*m = -3*y + 476, 4*m - 233 + 86 = -y. Calculate the remainder when y is divided by 23.
6
Let h(q) be the first derivative of q**4/4 + 10*q**3/3 - 9*q**2/2 + 25*q + 17. Suppose 0 = 2*r - 4*r + 22. What is the remainder when r is divided by h(-11)?
2
Suppose 0 = -0*j + 4*j. Suppose j*y + 4 = y. Suppose 4*p = 2*o + 42, 3*p + 4*o + 6 = 21. What is the remainder when p is divided by y?
1
Suppose 45*n - 1239 = 24*n. What is the remainder when n is divided by 34?
25
Suppose 3*q + 6 = 0, 0 = 2*v + 5*q - q - 192. Let s = -63 + v. What is the remainder when s is divided by 8?
5
Suppose 0 = 2*k + 6, 2*k - 96 = -5*t + 123. What is the remainder when 1393 is divided by t?
43
Suppose -3*z = 4*z - 336. Suppose 5*b + z - 233 = 0. Calculate the remainder when b is divided by 10.
7
Let r(t) = t - 5. Let f be r(5). Calculate the remainder when f - (0/1 + -35) is divided by 94/10 - -3*4/(-30).
8
Let b be (-8 + 5)/(3/(-87)). Let f = b + -72. What is the remainder when 31 is divided by f?
1
Suppose 26*v = 24*v + 190. Suppose v + 508 = 9*j. Let h(x) = 3*x**2 + 4*x - 3. Calculate the remainder when j is divided by h(2).
16
Suppose -4*z = -l + 5, 5*z + l - 6 = -1. Suppose 2*h - 62 = -4*n, z = 5*h - 2*n - n - 103. What is the remainder when h is divided by 13?
10
Let f(j) = -j**2 + 6*j - 3. Let v be f(7). Let h(c) = -6*c + 28. Calculate the remainder when h(v) is divided by 15.
13
Let c be (-609)/(-14) + (-2)/4. Let z = 72 - c. What is the remainder when 56 is divided by z?
27
What is the remainder when ((-9)/(-7))/((-87)/(-19691)) is divided by 91?
18
Let a(b) be the second derivative of b**3/3 + 9*b**2/2 - 8*b. Calculate the remainder when 3 + 1*(1 - 3) is divided by a(-4).
0
Let d(c) = -3*c - 5. Let i be (14 + -13)/(1/2). Calculate the remainder when d(-8) is divided by (i - 8/6)*63/6.
5
Let q(g) = -108*g + 3. Let l be q(-1). Suppose 12 = -3*w - 4*p + l, -5*w + p = -142. What is the remainder when 112 is divided by w?
25
Suppose 9*g = 5*g + 160. Let v = 83 - g. Calculate the remainder when v is divided by 11.
10
Let b = 87 - 59. Let z(j) be the first derivative of -j**3/3 + 7*j**2/2 - 4*j + 18. What is the remainder when b is divided by z(4)?
4
Let o = -514 - -533. Let p(h) = h**3 - h**2 - h + 4. Let z be p(0). Suppose 0 = z*n - 116 - 104. Calculate the remainder when n is divided by o.
17
Let u be -3*(-4 - (-28)/6). Let g = u + 5. Let l(f) = -f**3 + 5*f**2 + 1. Calculate the remainder when g is divided by l(5).
0
Suppose -4*p - p = -25. Suppose -a = 4*a - p*u - 100, 2*u = 3*a - 57. Let x = 77 - a. What is the remainder when x is divided by 21?
18
Suppose 5*j = -13 + 158. Let a be -4 - -1 - (0 - 3). Let z = a + 8. Calculate the remainder when j is divided by z.
5
Suppose -5 = z, -4*z + 28 = f - 3*z. Suppose -2*u = 4*n + 50, -n + f = -u + n. Let q = 48 + u. What is the remainder when q is divided by 10?
9
Suppose -5*o = -4*m - 128, -4*m - 15 = -9*m. Suppose 0 = -6*s + 4 - o. What is the remainder when (74/s)/((-5)/10) is divided by 13?
11
Let a(h) = -h**3 + 6*h - 3. Let p be a(2). Let d be 30*p*4/8. What is the remainder when (d/4)/(15/100) is divided by 7?
4
What is the remainder when 1/(-2) - 4300/(-40) is divided by (-7)/((1 - 2)/4)?
23
Calculate the remainder when 87 is divided by 4 + -6 + 17/1.
12
Let u = -8 + 34. Suppose x - 2*x - 39 = -v, 0 = -4*v - x + 181. Suppose -v - 187 = -3*f. What is the remainder when f is divided by u?
25
Let d be (9/(-18))/((-3)/216). Suppose -6*w + d + 12 = 0. Calculate the remainder when 29 is divided by w.
5
Let x(l) = -9*l**2 + 227 - l**3 + 6*l - 196 - 4*l**2. Calculate the remainder when x(-14) is divided by 36.
35
Let j = -23 + 30. Suppose j*c - 45 = 214. What is the remainder when 145 is divided by c?
34
Let z be (25/15)/(4/60). What is the remainder when z + 0 + 4 + -3 is divided by 9?
8
Let r = 155 - 30. Calculate the remainder when r is divided by 64.
61
Let h = -1624 + 1718. What is the remainder when 195 is divided by h?
7
Let c be (-163)/7 + 2/7. Let n = -16 - c. Let j(a) = 4*a - 2. What is the remainder when j(n) is divided by 14?
12
Suppose 44 = 4*v - 244. Let y = v + -50. Let h(l) = l**2 - 3. Calculate the remainder when y is divided by h(-3).
4
Let d(u) = -3*u**3 + u**2 - 28*u - 60. Calculate the remainder when 98 is divided by d(-2).
2
Suppose -5*p + 4*p = -3. Suppose i - 3*z = 20, 0 = 2*z + z + 12. Let q = i - p. What is the remainder when q is divided by 3?
2
Suppose 2*r - 328 = -5*l, -l + 0*r + 71 = -5*r. What is the remainder when 129 is divided by l?
63
Let o(q) = q**3 + 15*q**2 - 2*q - 17. Let h be o(-15). Suppose -h - 44 = -3*b. Calculate the remainder when (-1)/((0 + -1)/37) is divided by b.
18
Suppose -488 = 28*q - 89*q. Let u(x) = x**3 - x + 13. Calculate the remainder when u(0) is divided by q.
5
Let n = -124 - -42. Let q = n - -143. Let h = q - 9. Calculate the remainder when h is divided by 18.
16
Let p(d) = -d**3 + 13*d**2 - 37*d + 11. Let m(x) be the third derivative of x**4/8 - 2*x**2. What is the remainder when p(8) is divided by m(3)?
8
Let q(r) = -r**3 - 7*r**2 + 9*r + 12. Calculate the remainder when (-12)/(-4)*((-20)/(-15) - -1) is divided by q(-8).
3
Suppose 26*k - 253 = 15*k. Let v = 213 + -124. What is the remainder when v is divided by k?
20
Let j = 31 - -40. Let i = 134 - j. Suppose 108 = 8*p - 20. What is the remainder when i is divided by p?
15
Suppose 149*f - 139*f = 540. Calculate the remainder when 151 is divided by f.
43
Let l(s) = 2*s + 4*s - 12 + s - 2*s. Let y(k) = k**3 - 8*k**2 + 1. What is the remainder when l(3) is divided by y(8)?
0
Let j(f) = -f**2 + 27*f - 77. Calculate the remainder when j(11) is divided by 13.
8
What is the remainder when (-8)/3*((-189)/12 - 6) is divided by 6?
4
Let q(d) = -d**2 + 14*d + 699 - 697 + 2*d**2. What is the remainder when 152 is divided by q(-15)?
16
Let a(u) = 13*u**2 - u + 1. Let r be a(-2). Let x = r + -45. What is the remainder when 19 is divided by x?
9
Let l(d) = 7*d**3 - 2*d**2 + d - 2. Suppose 4*q - 606 = -554. What is the remainder when l(2) is divided by q?
9
Let d(j) = j**3 - j + 1. Let h(m) = -3*m**3 + m**2 + 9*m + 9. Let p(b) = 2*d(b) + h(b). Calculate the remainder when p(-5) is divided by 16.
14
Suppose 3*y = 4*d + 123, 29 + 11 = y - d. Suppose -6*v + y = 7. Suppose v*b + 2*a = 120, 2*a - 7*a + 135 = 5*b. Calculate the remainder when b is divided by 12.
10
Let b = 349 - 262. Calculate the remainder when b is divided by 11.
10
Suppose 7*n = 5*n. Suppose n = 5*t - 4*t - 49. Suppose 4*j + 119 = 5*a - t, -38 = -a + 3*j. Calculate the remainder when a is divided by 11.
10
Let p(s) = s - 2. Let u be p(2). Let x be 2 - u - (-1 + 1). Suppose 13 = g + x. What is the remainder when g is divided by 4?
3
Let x(n) = n**3 + 7*n**2 - 8*n - 10. Let p be x(-8). Let v = 17 + p. Calculate the remainder when 17 is divided by 6/21 - (-68)/v.
7
Suppose 5*a - x = 2713, -7*a + 6*a + 547 = 2*x. What is the remainder when a is divided by 7?
4
Let u be 7 + (-4 - (-2 - 0)). Suppose 455 - 2145 = -u*n. What is the remainder when n is divided by 17?
15
Let z be -2*(1985/10 + 2). Let c = -580 - z. Let k = -96 - c. Calculate the remainder when k is divided by 22.
17
Let v(q) = 2*q**2 - 13*q + 19. Calculate the remainder when v(-11) is divided by 42.
26
Suppose 4*h - 111 - 89 = 0. Let j(b) = -5*b - 2. Calculate the rem